{"id":17225,"date":"2019-03-31T18:17:45","date_gmt":"2019-03-31T16:17:45","guid":{"rendered":"https:\/\/jolibazaar.com\/?post_type=product&#038;p=17225"},"modified":"2022-10-23T15:10:38","modified_gmt":"2022-10-23T13:10:38","slug":"chaises-de-jardin-blanches","status":"publish","type":"product","link":"https:\/\/jolibazaar.com\/index.php\/produit\/chaises-de-jardin-blanches\/","title":{"rendered":"Chaises Garden Square Fermob blanches"},"content":{"rendered":"<p>Chaises de jardin pliantes en m\u00e9tal blanc<\/p>\n","protected":false},"excerpt":{"rendered":"<p>Chaises de jardin pliantes en m\u00e9tal blanc mod\u00e8le Bistro Fermob (les authentiques = de meilleure qualit\u00e9 que les copies qu&rsquo;on voit partout ailleurs!)<\/p>\n<p>Confortable et l\u00e9g\u00e8res, faciles \u00e0 d\u00e9placer. Coussins blancs faits sur mesure en option<\/p>\n<p>Foldable garden chairs, white metal, very comfortable and light (with an optional white cushion)<\/p>\n<p>&nbsp;<\/p>\n<p>&nbsp;<\/p>\n<p>&nbsp;<\/p>\n<p>&nbsp;<\/p>\n<p>&nbsp;<\/p>\n<p>&nbsp;<\/p>\n<p><i>Location chaises blanches pour mariages, location chaises pliantes pour r\u00e9ceptions Aix en Provence,\u00a0<\/i><em>Location meubles Provence,\u00a0<\/em><i>Location mobilier, vaisselle et mat\u00e9riel \u00e9v\u00e9nementiel Marseille, Pertuis, Luberon, Alpilles, Var, Vaucluse, Bouches du Rhone, sud de la France, Bourgogne France Comt\u00e9<\/i><\/p>\n<p>&nbsp;<\/p>\n<p>&nbsp;<\/p>\n<p>&nbsp;<\/p>\n<p>&nbsp;<\/p>\n<p><i>Location bancs en bois\u00a0pour mariages, location chaises en bois pour r\u00e9ceptions Aix en Provence,\u00a0<\/i><em>Location meubles Provence,\u00a0<\/em><i>Location mobilier, vaisselle et mat\u00e9riel \u00e9v\u00e9nementiel Marseille, Pertuis, Luberon, Alpilles, Var, Vaucluse, Bouches du Rhone, sud de la France, Bourgogne France Comt\u00e9<\/i><\/p>\n","protected":false},"featured_media":17227,"template":"","meta":[],"product_brand":[],"product_cat":[190],"product_tag":[756,276,218,305,680,681,758,210,862,755,757,682,306,277,209,861,754],"class_list":{"0":"post-17225","1":"product","2":"type-product","3":"status-publish","4":"has-post-thumbnail","6":"product_cat-chaises","7":"product_tag-bistro-chair","8":"product_tag-boheme","9":"product_tag-chaise","10":"product_tag-chaise-blanche","11":"product_tag-chaise-cocktail","12":"product_tag-chaise-de-jardin","13":"product_tag-chaise-pliante","14":"product_tag-champetre","15":"product_tag-coussin","16":"product_tag-fermob","17":"product_tag-foldable-chair","18":"product_tag-garden-chair","19":"product_tag-location-chaise","20":"product_tag-mobilier","21":"product_tag-rustique","22":"product_tag-trocadero","23":"product_tag-white-chair","25":"first","26":"instock","27":"shipping-taxable","28":"product-type-simple"},"_links":{"self":[{"href":"https:\/\/jolibazaar.com\/index.php\/wp-json\/wp\/v2\/product\/17225","targetHints":{"allow":["GET"]}}],"collection":[{"href":"https:\/\/jolibazaar.com\/index.php\/wp-json\/wp\/v2\/product"}],"about":[{"href":"https:\/\/jolibazaar.com\/index.php\/wp-json\/wp\/v2\/types\/product"}],"wp:featuredmedia":[{"embeddable":true,"href":"https:\/\/jolibazaar.com\/index.php\/wp-json\/wp\/v2\/media\/17227"}],"wp:attachment":[{"href":"https:\/\/jolibazaar.com\/index.php\/wp-json\/wp\/v2\/media?parent=17225"}],"wp:term":[{"taxonomy":"product_brand","embeddable":true,"href":"https:\/\/jolibazaar.com\/index.php\/wp-json\/wp\/v2\/product_brand?post=17225"},{"taxonomy":"product_cat","embeddable":true,"href":"https:\/\/jolibazaar.com\/index.php\/wp-json\/wp\/v2\/product_cat?post=17225"},{"taxonomy":"product_tag","embeddable":true,"href":"https:\/\/jolibazaar.com\/index.php\/wp-json\/wp\/v2\/product_tag?post=17225"}],"curies":[{"name":"wp","href":"https:\/\/api.w.org\/{rel}","templated":true}]}}

<p>Chaises de jardin pliantes en métal blanc</p>

<p>Chaises de jardin pliantes en métal blanc modèle Bistro Fermob (les authentiques = de meilleure qualité que les copies qu&rsquo;on voit partout ailleurs!)</p>
<p>Confortable et légères, faciles à déplacer. Coussins blancs faits sur mesure en option</p>
<p>Foldable garden chairs, white metal, very comfortable and light (with an optional white cushion)</p>
<p>&nbsp;</p>
<p>&nbsp;</p>
<p>&nbsp;</p>
<p>&nbsp;</p>
<p>&nbsp;</p>
<p>&nbsp;</p>
<p><i>Location chaises blanches pour mariages, location chaises pliantes pour réceptions Aix en Provence, </i><em>Location meubles Provence, </em><i>Location mobilier, vaisselle et matériel événementiel Marseille, Pertuis, Luberon, Alpilles, Var, Vaucluse, Bouches du Rhone, sud de la France, Bourgogne France Comté</i></p>
<p>&nbsp;</p>
<p>&nbsp;</p>
<p>&nbsp;</p>
<p>&nbsp;</p>
<p><i>Location bancs en bois pour mariages, location chaises en bois pour réceptions Aix en Provence, </i><em>Location meubles Provence, </em><i>Location mobilier, vaisselle et matériel événementiel Marseille, Pertuis, Luberon, Alpilles, Var, Vaucluse, Bouches du Rhone, sud de la France, Bourgogne France Comté</i></p>
