{"id":17230,"date":"2019-03-31T18:33:43","date_gmt":"2019-03-31T16:33:43","guid":{"rendered":"https:\/\/jolibazaar.com\/?post_type=product&#038;p=17230"},"modified":"2025-01-26T16:54:26","modified_gmt":"2025-01-26T15:54:26","slug":"tables-banquet-en-bois","status":"publish","type":"product","link":"https:\/\/jolibazaar.com\/index.php\/produit\/tables-banquet-en-bois\/","title":{"rendered":"Tables rectangles a napper"},"content":{"rendered":"<p>Tables de banquet \u00e0 napper: soit en bois massif fonc\u00e9 \u00a0(200 x100cm) soit en PET plus l\u00e9ger \u00e0 transporter (90x100cm)<\/p>\n","protected":false},"excerpt":{"rendered":"<p>Tables de banquet forme rectangulaire avec pieds pliants en metal, \u00e0 napper<\/p>\n<p>3 tailles sur une hauteur de 74cm pour un diner<\/p>\n<ul>\n<li>183 x 76 cm en PVC (les plus abordables, hauteur r\u00e9glable en 61cm pour enfants, 74cm pour diner adultes et 93cm pour tables buffets traiteurs)<\/li>\n<li>200 x 90 en PVC<\/li>\n<li>200 x 100 cm en bois (les plus premiums (s&rsquo;il y a beaucoup de deco florale)<\/li>\n<\/ul>\n<p>&nbsp;<\/p>\n<p>&nbsp;<\/p>\n<p>&nbsp;<\/p>\n<p>&nbsp;<\/p>\n<p>&nbsp;<\/p>\n<p><i>Location tables banquets pour mariages, location tables pliantes pour r\u00e9ceptions Aix en Provence,\u00a0<\/i><em>Location meubles Provence,\u00a0<\/em><i>Location mobilier, vaisselle et mat\u00e9riel \u00e9v\u00e9nementiel Marseille, Pertuis, Luberon, Alpilles, Var, Vaucluse, Bouches du Rhone, sud de la France, Bourgogne France Comt\u00e9<\/i><\/p>\n","protected":false},"featured_media":17231,"template":"","meta":[],"product_brand":[],"product_cat":[192],"product_tag":[210,197,300,308,209,215,863,851,309,857,858],"class_list":{"0":"post-17230","1":"product","2":"type-product","3":"status-publish","4":"has-post-thumbnail","6":"product_cat-tables","7":"product_tag-champetre","8":"product_tag-location-deco","9":"product_tag-location-mobilier","10":"product_tag-location-table","11":"product_tag-rustique","12":"product_tag-table","13":"product_tag-table-a-napper","14":"product_tag-table-banquet","15":"product_tag-table-pliante","16":"product_tag-table-rectangle","17":"product_tag-table-rectangulaire","19":"first","20":"instock","21":"shipping-taxable","22":"product-type-simple"},"_links":{"self":[{"href":"https:\/\/jolibazaar.com\/index.php\/wp-json\/wp\/v2\/product\/17230","targetHints":{"allow":["GET"]}}],"collection":[{"href":"https:\/\/jolibazaar.com\/index.php\/wp-json\/wp\/v2\/product"}],"about":[{"href":"https:\/\/jolibazaar.com\/index.php\/wp-json\/wp\/v2\/types\/product"}],"wp:featuredmedia":[{"embeddable":true,"href":"https:\/\/jolibazaar.com\/index.php\/wp-json\/wp\/v2\/media\/17231"}],"wp:attachment":[{"href":"https:\/\/jolibazaar.com\/index.php\/wp-json\/wp\/v2\/media?parent=17230"}],"wp:term":[{"taxonomy":"product_brand","embeddable":true,"href":"https:\/\/jolibazaar.com\/index.php\/wp-json\/wp\/v2\/product_brand?post=17230"},{"taxonomy":"product_cat","embeddable":true,"href":"https:\/\/jolibazaar.com\/index.php\/wp-json\/wp\/v2\/product_cat?post=17230"},{"taxonomy":"product_tag","embeddable":true,"href":"https:\/\/jolibazaar.com\/index.php\/wp-json\/wp\/v2\/product_tag?post=17230"}],"curies":[{"name":"wp","href":"https:\/\/api.w.org\/{rel}","templated":true}]}}