{"id":17244,"date":"2019-03-31T19:28:41","date_gmt":"2019-03-31T17:28:41","guid":{"rendered":"https:\/\/jolibazaar.com\/?post_type=product&#038;p=17244"},"modified":"2019-08-28T20:36:24","modified_gmt":"2019-08-28T18:36:24","slug":"package-rustique","status":"publish","type":"product","link":"https:\/\/jolibazaar.com\/index.php\/produit\/package-rustique\/","title":{"rendered":"Package rustique"},"content":{"rendered":"<p>Package comprenant des chaises rustiques en bois, des verres vintage, une assiette de pr\u00e9sentation \u00e0 bord argent\u00e9, une assiette \u00e0 pain \u00e0 liser\u00e9 argent\u00e9 et des couverts classiques argent\u00e9s<\/p>\n","protected":false},"excerpt":{"rendered":"<p>Package comprenant chaises en bois, verres vintage, une assiette de pr\u00e9sentation, une assiette \u00e0 pain et des couverts classiques argent\u00e9s<\/p>\n","protected":false},"featured_media":17246,"template":"","meta":[],"product_brand":[],"product_cat":[157],"product_tag":[228,273,270,282,272,274],"class_list":{"0":"post-17244","1":"product","2":"type-product","3":"status-publish","4":"has-post-thumbnail","6":"product_cat-packages","7":"product_tag-argent","8":"product_tag-couverts","9":"product_tag-package","10":"product_tag-package-rustique","11":"product_tag-vaisselle","12":"product_tag-verres","14":"first","15":"instock","16":"shipping-taxable","17":"product-type-simple"},"_links":{"self":[{"href":"https:\/\/jolibazaar.com\/index.php\/wp-json\/wp\/v2\/product\/17244","targetHints":{"allow":["GET"]}}],"collection":[{"href":"https:\/\/jolibazaar.com\/index.php\/wp-json\/wp\/v2\/product"}],"about":[{"href":"https:\/\/jolibazaar.com\/index.php\/wp-json\/wp\/v2\/types\/product"}],"wp:featuredmedia":[{"embeddable":true,"href":"https:\/\/jolibazaar.com\/index.php\/wp-json\/wp\/v2\/media\/17246"}],"wp:attachment":[{"href":"https:\/\/jolibazaar.com\/index.php\/wp-json\/wp\/v2\/media?parent=17244"}],"wp:term":[{"taxonomy":"product_brand","embeddable":true,"href":"https:\/\/jolibazaar.com\/index.php\/wp-json\/wp\/v2\/product_brand?post=17244"},{"taxonomy":"product_cat","embeddable":true,"href":"https:\/\/jolibazaar.com\/index.php\/wp-json\/wp\/v2\/product_cat?post=17244"},{"taxonomy":"product_tag","embeddable":true,"href":"https:\/\/jolibazaar.com\/index.php\/wp-json\/wp\/v2\/product_tag?post=17244"}],"curies":[{"name":"wp","href":"https:\/\/api.w.org\/{rel}","templated":true}]}}