{"id":17295,"date":"2019-04-23T10:48:16","date_gmt":"2019-04-23T08:48:16","guid":{"rendered":"https:\/\/jolibazaar.com\/?post_type=product&#038;p=17295"},"modified":"2020-01-16T15:38:37","modified_gmt":"2020-01-16T14:38:37","slug":"vase-dore","status":"publish","type":"product","link":"https:\/\/jolibazaar.com\/index.php\/produit\/vase-dore\/","title":{"rendered":"Vases en m\u00e9tal dor\u00e9 (2 tailles)"},"content":{"rendered":"<p>Vase dor\u00e9 tube cylindre<\/p>\n","protected":false},"excerpt":{"rendered":"<p>coupe doree<\/p>\n","protected":false},"featured_media":17296,"template":"","meta":[],"product_brand":[],"product_cat":[185],"product_tag":[226,221,337,222,171,197,223,336,227],"class_list":{"0":"post-17295","1":"product","2":"type-product","3":"status-publish","4":"has-post-thumbnail","6":"product_cat-vases","7":"product_tag-accessoire-deco","8":"product_tag-chic","9":"product_tag-cylindre","10":"product_tag-diner","11":"product_tag-dore","12":"product_tag-location-deco","13":"product_tag-reception","14":"product_tag-tube","15":"product_tag-vase","17":"first","18":"instock","19":"shipping-taxable","20":"product-type-simple"},"_links":{"self":[{"href":"https:\/\/jolibazaar.com\/index.php\/wp-json\/wp\/v2\/product\/17295","targetHints":{"allow":["GET"]}}],"collection":[{"href":"https:\/\/jolibazaar.com\/index.php\/wp-json\/wp\/v2\/product"}],"about":[{"href":"https:\/\/jolibazaar.com\/index.php\/wp-json\/wp\/v2\/types\/product"}],"wp:featuredmedia":[{"embeddable":true,"href":"https:\/\/jolibazaar.com\/index.php\/wp-json\/wp\/v2\/media\/17296"}],"wp:attachment":[{"href":"https:\/\/jolibazaar.com\/index.php\/wp-json\/wp\/v2\/media?parent=17295"}],"wp:term":[{"taxonomy":"product_brand","embeddable":true,"href":"https:\/\/jolibazaar.com\/index.php\/wp-json\/wp\/v2\/product_brand?post=17295"},{"taxonomy":"product_cat","embeddable":true,"href":"https:\/\/jolibazaar.com\/index.php\/wp-json\/wp\/v2\/product_cat?post=17295"},{"taxonomy":"product_tag","embeddable":true,"href":"https:\/\/jolibazaar.com\/index.php\/wp-json\/wp\/v2\/product_tag?post=17295"}],"curies":[{"name":"wp","href":"https:\/\/api.w.org\/{rel}","templated":true}]}}