{"id":17441,"date":"2019-04-23T15:43:53","date_gmt":"2019-04-23T13:43:53","guid":{"rendered":"https:\/\/jolibazaar.com\/?post_type=product&#038;p=17441"},"modified":"2022-02-21T15:44:48","modified_gmt":"2022-02-21T14:44:48","slug":"assiettes-porcelaine-blanche","status":"publish","type":"product","link":"https:\/\/jolibazaar.com\/index.php\/produit\/assiettes-porcelaine-blanche\/","title":{"rendered":"Assiettes classiques en porcelaine blanche"},"content":{"rendered":"","protected":false},"excerpt":{"rendered":"<p>Assiettes rondes design en porcelaine fine blanche et forme coupe l\u00e9g\u00e8rement \u00e9vas\u00e9e<\/p>\n<p>Existe aussi en porcelaine blanche avec filet dor\u00e9<\/p>\n<p>Format assiettes pour plat principal: 27cm<\/p>\n<p>Format assiettes \u00e0 dessert: 22cm<\/p>\n<p>Soupe sans ailettes: 25cm<\/p>\n<p>Soupe avec ailettes et petit motif relief: 22cm (bassin 11cm)<\/p>\n<p>Assiette a pain: 15cm<\/p>\n<p>&nbsp;<\/p>\n<p>Photo: @harrietteearnshaw<\/p>\n<p>WP: @jenniferfoxweddings<\/p>\n<p>Fleurs: @floresie<\/p>\n","protected":false},"featured_media":17948,"template":"","meta":[],"product_brand":[],"product_cat":[229],"product_tag":[391,656,655,394],"class_list":{"0":"post-17441","1":"product","2":"type-product","3":"status-publish","4":"has-post-thumbnail","6":"product_cat-assiettes","7":"product_tag-assiette","8":"product_tag-assiette-blanche","9":"product_tag-assiette-porcelaine","10":"product_tag-grimmed","12":"first","13":"instock","14":"shipping-taxable","15":"product-type-simple"},"_links":{"self":[{"href":"https:\/\/jolibazaar.com\/index.php\/wp-json\/wp\/v2\/product\/17441","targetHints":{"allow":["GET"]}}],"collection":[{"href":"https:\/\/jolibazaar.com\/index.php\/wp-json\/wp\/v2\/product"}],"about":[{"href":"https:\/\/jolibazaar.com\/index.php\/wp-json\/wp\/v2\/types\/product"}],"wp:featuredmedia":[{"embeddable":true,"href":"https:\/\/jolibazaar.com\/index.php\/wp-json\/wp\/v2\/media\/17948"}],"wp:attachment":[{"href":"https:\/\/jolibazaar.com\/index.php\/wp-json\/wp\/v2\/media?parent=17441"}],"wp:term":[{"taxonomy":"product_brand","embeddable":true,"href":"https:\/\/jolibazaar.com\/index.php\/wp-json\/wp\/v2\/product_brand?post=17441"},{"taxonomy":"product_cat","embeddable":true,"href":"https:\/\/jolibazaar.com\/index.php\/wp-json\/wp\/v2\/product_cat?post=17441"},{"taxonomy":"product_tag","embeddable":true,"href":"https:\/\/jolibazaar.com\/index.php\/wp-json\/wp\/v2\/product_tag?post=17441"}],"curies":[{"name":"wp","href":"https:\/\/api.w.org\/{rel}","templated":true}]}}