{"id":18328,"date":"2021-11-24T15:52:10","date_gmt":"2021-11-24T14:52:10","guid":{"rendered":"https:\/\/jolibazaar.com\/?post_type=product&#038;p=18328"},"modified":"2022-10-23T15:05:41","modified_gmt":"2022-10-23T13:05:41","slug":"bancs-en-bois-naturel","status":"publish","type":"product","link":"https:\/\/jolibazaar.com\/index.php\/produit\/bancs-en-bois-naturel\/","title":{"rendered":"Bancs en bois naturel"},"content":{"rendered":"","protected":false},"excerpt":{"rendered":"<p>Bancs en bois naturel brut pour ceremonie ou brunch<\/p>\n<p>Hauteur 46 cm \/ Longueur 215 cm \/ Profondeur 30 cm<\/p>\n<p>Bois clair (similaire aux <a href=\"https:\/\/jolibazaar.com\/index.php\/produit\/chaises-croisillon-provence\/\">chaises croisillons<\/a>) et assorti aux <a href=\"https:\/\/jolibazaar.com\/index.php\/produit\/tables-en-bois-farm\/\">tables de banquet en bois brut FARM<\/a> et <a href=\"https:\/\/jolibazaar.com\/index.php\/produit\/tables-en-bois-louis-philippe\/\">Louis Philippe<\/a><\/p>\n<p>&nbsp;<\/p>\n<p>&nbsp;<\/p>\n<p>&nbsp;<\/p>\n<p><i>Location bancs en bois\u00a0pour mariages, location chaises en bois pour r\u00e9ceptions Aix en Provence,\u00a0<\/i><em>Location meubles Provence,\u00a0<\/em><i>Location mobilier, vaisselle et mat\u00e9riel \u00e9v\u00e9nementiel Marseille, Pertuis, Luberon, Alpilles, Var, Vaucluse, Bouches du Rhone, sud de la France, Bourgogne France Comt\u00e9<\/i><\/p>\n<p>&nbsp;<\/p>\n<p>&nbsp;<\/p>\n<p>&nbsp;<\/p>\n","protected":false},"featured_media":18329,"template":"","meta":[],"product_brand":[],"product_cat":[572],"product_tag":[715,859,573,716,850,225,160,279,197,300,672,860],"class_list":{"0":"post-18328","1":"product","2":"type-product","3":"status-publish","4":"has-post-thumbnail","6":"product_cat-bancs","7":"product_tag-assises","8":"product_tag-banc-bois-brut","9":"product_tag-bancs","10":"product_tag-benches","11":"product_tag-bois-brut","12":"product_tag-bois-naturel","13":"product_tag-ceremonie","14":"product_tag-classique","15":"product_tag-location-deco","16":"product_tag-location-mobilier","17":"product_tag-natural-wood","18":"product_tag-wooden-bench","20":"first","21":"instock","22":"shipping-taxable","23":"product-type-simple"},"_links":{"self":[{"href":"https:\/\/jolibazaar.com\/index.php\/wp-json\/wp\/v2\/product\/18328","targetHints":{"allow":["GET"]}}],"collection":[{"href":"https:\/\/jolibazaar.com\/index.php\/wp-json\/wp\/v2\/product"}],"about":[{"href":"https:\/\/jolibazaar.com\/index.php\/wp-json\/wp\/v2\/types\/product"}],"wp:featuredmedia":[{"embeddable":true,"href":"https:\/\/jolibazaar.com\/index.php\/wp-json\/wp\/v2\/media\/18329"}],"wp:attachment":[{"href":"https:\/\/jolibazaar.com\/index.php\/wp-json\/wp\/v2\/media?parent=18328"}],"wp:term":[{"taxonomy":"product_brand","embeddable":true,"href":"https:\/\/jolibazaar.com\/index.php\/wp-json\/wp\/v2\/product_brand?post=18328"},{"taxonomy":"product_cat","embeddable":true,"href":"https:\/\/jolibazaar.com\/index.php\/wp-json\/wp\/v2\/product_cat?post=18328"},{"taxonomy":"product_tag","embeddable":true,"href":"https:\/\/jolibazaar.com\/index.php\/wp-json\/wp\/v2\/product_tag?post=18328"}],"curies":[{"name":"wp","href":"https:\/\/api.w.org\/{rel}","templated":true}]}}