{"id":18408,"date":"2022-01-21T15:56:56","date_gmt":"2022-01-21T14:56:56","guid":{"rendered":"https:\/\/jolibazaar.com\/?post_type=product&#038;p=18408"},"modified":"2026-03-03T09:57:47","modified_gmt":"2026-03-03T08:57:47","slug":"tables-en-bois-farm","status":"publish","type":"product","link":"https:\/\/jolibazaar.com\/index.php\/produit\/tables-en-bois-farm\/","title":{"rendered":"Tables de banquet en bois FARM"},"content":{"rendered":"","protected":false},"excerpt":{"rendered":"<p>Tables de ferme format banquet en bois naturel brut. Ne n\u00e9cessitent pas de nappage.\u00a0Forme rectangle avec pieds droits<\/p>\n<p>Dimensions 200 x100cmx74cm<\/p>\n<p>Photos @christopheserrano @guillaumegimenez<\/p>\n<p>&nbsp;<\/p>\n<p>&nbsp;<\/p>\n<p><i>Location tables en bois,\u00a0location tables de ferme,\u00a0location tables rectangles banquets, location tables et chaises pour mariages et r\u00e9ceptions Aix en Provence,\u00a0<\/i><em>Location meubles Provence,\u00a0<\/em><i>Location mobilier, vaisselle et mat\u00e9riel \u00e9v\u00e9nementiel Marseille, Pertuis, Luberon, Alpilles, Var, Vaucluse, Bouches du Rhone, sud de la France, Bourgogne France Comt\u00e9<\/i><\/p>\n","protected":false},"featured_media":19024,"template":"","meta":[],"product_brand":[],"product_cat":[192],"product_tag":[856,276,217,216,210,855,197,300,209,215,853,854,857,858,170],"class_list":{"0":"post-18408","1":"product","2":"type-product","3":"status-publish","4":"has-post-thumbnail","6":"product_cat-tables","7":"product_tag-banquet-table","8":"product_tag-boheme","9":"product_tag-bois-clair","10":"product_tag-bois-massif","11":"product_tag-champetre","12":"product_tag-farm-table","13":"product_tag-location-deco","14":"product_tag-location-mobilier","15":"product_tag-rustique","16":"product_tag-table","17":"product_tag-table-bois","18":"product_tag-table-de-ferme","19":"product_tag-table-rectangle","20":"product_tag-table-rectangulaire","21":"product_tag-vintage","23":"first","24":"instock","25":"shipping-taxable","26":"product-type-simple"},"_links":{"self":[{"href":"https:\/\/jolibazaar.com\/index.php\/wp-json\/wp\/v2\/product\/18408","targetHints":{"allow":["GET"]}}],"collection":[{"href":"https:\/\/jolibazaar.com\/index.php\/wp-json\/wp\/v2\/product"}],"about":[{"href":"https:\/\/jolibazaar.com\/index.php\/wp-json\/wp\/v2\/types\/product"}],"wp:featuredmedia":[{"embeddable":true,"href":"https:\/\/jolibazaar.com\/index.php\/wp-json\/wp\/v2\/media\/19024"}],"wp:attachment":[{"href":"https:\/\/jolibazaar.com\/index.php\/wp-json\/wp\/v2\/media?parent=18408"}],"wp:term":[{"taxonomy":"product_brand","embeddable":true,"href":"https:\/\/jolibazaar.com\/index.php\/wp-json\/wp\/v2\/product_brand?post=18408"},{"taxonomy":"product_cat","embeddable":true,"href":"https:\/\/jolibazaar.com\/index.php\/wp-json\/wp\/v2\/product_cat?post=18408"},{"taxonomy":"product_tag","embeddable":true,"href":"https:\/\/jolibazaar.com\/index.php\/wp-json\/wp\/v2\/product_tag?post=18408"}],"curies":[{"name":"wp","href":"https:\/\/api.w.org\/{rel}","templated":true}]}}