{"id":18544,"date":"2022-04-21T17:51:33","date_gmt":"2022-04-21T15:51:33","guid":{"rendered":"https:\/\/jolibazaar.com\/?post_type=product&#038;p=18544"},"modified":"2025-03-24T11:18:46","modified_gmt":"2025-03-24T10:18:46","slug":"chateau-gonflable-blanc-geant","status":"publish","type":"product","link":"https:\/\/jolibazaar.com\/index.php\/produit\/chateau-gonflable-blanc-geant\/","title":{"rendered":"Chateau gonflable blanc g\u00e9ant"},"content":{"rendered":"<p>Magnifique chateau gonflable XXL<\/p>\n","protected":false},"excerpt":{"rendered":"<div class=\"\">Magnifique chateau gonflable XXL (5x5x5m)<\/div>\n<div class=\"\">Ignifug\u00e9 r\u00e9sistant au feu, cat\u00e9goris\u00e9 M2<\/div>\n<div class=\"\">Nombre d\u2019utilisateurs: jusqu\u2019\u00e0\u00a010 personnes<\/div>\n<div class=\"\"><\/div>\n","protected":false},"featured_media":33070,"template":"","meta":[],"product_brand":[],"product_cat":[187,369,142,189],"product_tag":[150,307,210,371,284,837],"class_list":{"0":"post-18544","1":"product","2":"type-product","3":"status-publish","4":"has-post-thumbnail","6":"product_cat-cocktail","7":"product_cat-jeux","8":"product_cat-pieces-uniques","9":"product_cat-soiree","10":"product_tag-accessoires","11":"product_tag-blanc","12":"product_tag-champetre","13":"product_tag-jeux","14":"product_tag-moderne","15":"product_tag-piece-unique","17":"first","18":"instock","19":"shipping-taxable","20":"product-type-simple"},"_links":{"self":[{"href":"https:\/\/jolibazaar.com\/index.php\/wp-json\/wp\/v2\/product\/18544","targetHints":{"allow":["GET"]}}],"collection":[{"href":"https:\/\/jolibazaar.com\/index.php\/wp-json\/wp\/v2\/product"}],"about":[{"href":"https:\/\/jolibazaar.com\/index.php\/wp-json\/wp\/v2\/types\/product"}],"wp:featuredmedia":[{"embeddable":true,"href":"https:\/\/jolibazaar.com\/index.php\/wp-json\/wp\/v2\/media\/33070"}],"wp:attachment":[{"href":"https:\/\/jolibazaar.com\/index.php\/wp-json\/wp\/v2\/media?parent=18544"}],"wp:term":[{"taxonomy":"product_brand","embeddable":true,"href":"https:\/\/jolibazaar.com\/index.php\/wp-json\/wp\/v2\/product_brand?post=18544"},{"taxonomy":"product_cat","embeddable":true,"href":"https:\/\/jolibazaar.com\/index.php\/wp-json\/wp\/v2\/product_cat?post=18544"},{"taxonomy":"product_tag","embeddable":true,"href":"https:\/\/jolibazaar.com\/index.php\/wp-json\/wp\/v2\/product_tag?post=18544"}],"curies":[{"name":"wp","href":"https:\/\/api.w.org\/{rel}","templated":true}]}}