{"id":18893,"date":"2023-01-30T15:08:46","date_gmt":"2023-01-30T14:08:46","guid":{"rendered":"https:\/\/jolibazaar.com\/?post_type=product&#038;p=18893"},"modified":"2023-01-31T09:34:57","modified_gmt":"2023-01-31T08:34:57","slug":"percolateur","status":"publish","type":"product","link":"https:\/\/jolibazaar.com\/index.php\/produit\/percolateur\/","title":{"rendered":"Percolateur"},"content":{"rendered":"","protected":false},"excerpt":{"rendered":"<div><\/div>\n<div>Percolateur<\/div>\n<ul>\n<li>Percolateur \u00e0 caf\u00e9 \u00e9lectrique<\/li>\n<li>Capacit\u00e9\u00a0: 10 litres<\/li>\n<li>Indicateur de niveau de remplissage<\/li>\n<li>Collecteur des gouttes int\u00e9gr\u00e9<\/li>\n<li>Poign\u00e9e en plastique ergonomique<\/li>\n<li>Poign\u00e9e antid\u00e9rapante<\/li>\n<li>Design \u00e9l\u00e9gant<\/li>\n<\/ul>\n<p>&nbsp;<\/p>\n<p>&nbsp;<\/p>\n","protected":false},"featured_media":18894,"template":"","meta":[],"product_brand":[],"product_cat":[912],"product_tag":[404,783,782,913,223,874],"class_list":{"0":"post-18893","1":"product","2":"type-product","3":"status-publish","4":"has-post-thumbnail","6":"product_cat-materiel-traiteur","7":"product_tag-inox","8":"product_tag-location","9":"product_tag-mariage","10":"product_tag-materiel","11":"product_tag-reception","12":"product_tag-traiteur","14":"first","15":"instock","16":"shipping-taxable","17":"product-type-simple"},"_links":{"self":[{"href":"https:\/\/jolibazaar.com\/index.php\/wp-json\/wp\/v2\/product\/18893","targetHints":{"allow":["GET"]}}],"collection":[{"href":"https:\/\/jolibazaar.com\/index.php\/wp-json\/wp\/v2\/product"}],"about":[{"href":"https:\/\/jolibazaar.com\/index.php\/wp-json\/wp\/v2\/types\/product"}],"wp:featuredmedia":[{"embeddable":true,"href":"https:\/\/jolibazaar.com\/index.php\/wp-json\/wp\/v2\/media\/18894"}],"wp:attachment":[{"href":"https:\/\/jolibazaar.com\/index.php\/wp-json\/wp\/v2\/media?parent=18893"}],"wp:term":[{"taxonomy":"product_brand","embeddable":true,"href":"https:\/\/jolibazaar.com\/index.php\/wp-json\/wp\/v2\/product_brand?post=18893"},{"taxonomy":"product_cat","embeddable":true,"href":"https:\/\/jolibazaar.com\/index.php\/wp-json\/wp\/v2\/product_cat?post=18893"},{"taxonomy":"product_tag","embeddable":true,"href":"https:\/\/jolibazaar.com\/index.php\/wp-json\/wp\/v2\/product_tag?post=18893"}],"curies":[{"name":"wp","href":"https:\/\/api.w.org\/{rel}","templated":true}]}}